24. Let k(d) be the third derivative of -d**5/30 + 5*d**4/6 + 9*d**3/2 + 8*d**2 + 4. Let u be k(11). Determine l(u).
-4
Let w(i) = 389*i**2 + 5 + 15*i - 384*i**2 + 15*i. Let s be w(-6). Let g(j) = -5*j + 6. Let o(x) = -19*x + 23. Let q(m) = -22*g(m) + 6*o(m). Calculate q(s).
-14
Suppose -14017 = 1790*q - 410*q + 3990 - 1447. Let o(m) = -12*m + 4 - 2 - m**2 + 1. Determine o(q).
3
Let o(j) = -703*j + 242*j + 238*j + 227*j - 6. Suppose 7 - 3 = n. Calculate o(n).
10
Let p be -5 - 11/3 - 340/(-204). Let d(u) = -2*u**2 - 10*u - 7. Give d(p).
-35
Let c(u) = u + 3. Let s(f) = -3*f + 29. Let a be s(7). Suppose o + a = 9. Let y(w) = -4*w**3 + 1. Let g be y(o). Calculate c(g).
0
Let c(p) = -p**3 - 2*p**2 - 3*p - 2. Let r be c(-2). Let x(o) = -4*o**2 - 7*o - 2. Let w(d) = d**2 + d. Let m(h) = -5*w(h) - x(h). Calculate m(r).
-6
Let v be (-26 + 5)/(-7)*2/2. Let k(t) = 2 - 36*t**v - 13*t**2 + 38*t**3 + 18*t**2 + 5*t. Determine k(-3).
-22
Let i(h) be the first derivative of h**4/4 - h**3/3 - h**2/2 + 32*h + 10. Let f(r) = r**3 + 21*r**2 + 86*r - 24. Let z be f(-6). What is i(z)?
32
Let i = 17 - 19. Let h(b) = -5*b - 6. Let g(s) = -55*s - 65. Let n be (13 + -25)*(3/(-2) - -2). Let j(x) = n*g(x) + 65*h(x). Give j(i).
-10
Let n(k) be the second derivative of k**5/20 - 11*k**4/6 - 25*k**3/6 - 8*k**2 - 8318*k. Determine n(23).
-62
Let h(u) = 14*u - 46. Let l be h(17). Let o be (-8)/(-44) - (l/(-33) + 3). Let x(n) = -n**2 + n - 3. Calculate x(o).
-9
Let b(v) = v**3 - 7*v**2 + 6*v + 13. Let x(w) = -3*w**2 + 69*w - 264. Let p be x(18). Give b(p).
13
Suppose 2*w + 3 = -3*f, -21 = 313*f - 310*f - w. Let c(u) = 16 - 2*u - u**2 - 4*u - u + 6*u. What is c(f)?
-4
Let s(k) = k + 31. Let m be s(17). Suppose -18 = m*r + 222. Let z(x) = -x**3 - 5*x**2 + 5*x + 3. Give z(r).
-22
Let h(a) = 5*a**3 - a. Let b(p) = -1 + 38*p - 318*p**2 - 318*p**2 + 637*p**2. Let k be b(-38). Determine h(k).
-4
Let p(k) = 2*k - 2. Let i(b) = -b**2 - 28. Let d(u) = -i(u) - 7*p(u). Determine d(8).
-6
Let n(i) = 2*i + 1. Let q(d) = d**2 - 5*d - 5. Let x(k) = -2*n(k) - q(k). Suppose 0*g + 4 = 2*g. Suppose -2*b + 4*c = b, 4*b = g*c + 10. Determine x(b).
-9
Let c(w) = -10*w**2 + 12*w**2 + 43*w - 42*w. Let x(l) = 11*l**2 + 7*l + 3. Let a(s) = -5*c(s) + x(s). Determine a(-2).
3
Let z(p) = -p**3 - 10*p**2 + p + 8. Let y(x) = 2*x**2 - 35*x + 38. Let s be y(16). Let g be z(s). Let q(r) = -r**2 - r + 2. Give q(g).
0
Let k(b) be the first derivative of b**4/12 - b**3/3 - 33*b**2 + 190. Let n(j) be the second derivative of k(j). Calculate n(-4).
-10
Let y = 4 - -9. Suppose n = 4*k - 8, -k = -3*n - 0*n - y. Let i(p) = p - 1. Let m(c) = 10*c - 5. Let s(o) = k*m(o) - 3*i(o). Calculate s(-4).
-30
Let i(f) = 2*f**2 - 26*f + 80. Let a be i(6). Let s(m) = -2*m + 3. Give s(a).
11
Let f be (-594)/10 - (-8)/20. Let l = -56 - f. Suppose -o - l + 7 = 0. Let i(d) = d - 1. Determine i(o).
3
Let c(q) = -3*q - 14*q**3 - 68 - 2*q**2 + 15*q**3 - 74 + 147. Calculate c(2).
-1
Let x(u) = -2*u - 4. Let a(f) = 14*f + 151. Let b be a(-11). Determine x(b).
2
Let p = 74 + -73. Let n(o) be the second derivative of o**5/10 - o**4/6 + o**2/2 + 146*o. Give n(p).
1
Let g(y) = y**2 + 10*y + 27. Let z be g(-5). Let q(m) = -3*m**2 - 5*m**z + 4*m**2 + 0*m**2 + 3*m**2 + 5. Give q(-4).
-11
Let z(y) = y**3 + 5*y**2 + 7*y + 4. Let s be (-2)/(-6)*-1 - 4/6. Let w(q) = -6*q**2 - 2*q. Let p be w(s). Calculate z(p).
-8
Let m(u) = u + 1. Let w(d) be the third derivative of d**3/2 + 22*d**2. Let g(i) = m(i) + w(i). Let x(c) = -5*c + 20. Let h be x(5). Calculate g(h).
-1
Let l = -142 + 100. Let r be (-14)/l - (-10)/(-3). Let i(u) = -41*u - u**2 - 3 + 0 + 40*u. Determine i(r).
-9
Let w(h) = -3*h**3 - 17*h**2 - 47*h - 36. Let g be w(-2). Let o(y) be the first derivative of -9/2*y**2 + g + y. What is o(-1)?
10
Let h = -1 + 6. Let s be (-4)/22 + 360/44. Let t(z) = 6*z + 8. Let y(o) = -2*o - 3. Let u(n) = s*y(n) + 3*t(n). Give u(h).
10
Let r(w) = 4*w - w - 4*w + w**3 - w**2 - 1. Suppose -4*h + 2*z + 30 = 0, 0*h - 2*z = h. Suppose 7*k = 8 + h. What is r(k)?
1
Suppose 0 = -2*a + 5*o + 2, -15 - 3 = -2*a + 3*o. Let g(y) = y**2 - 24*y + 54. Give g(a).
-9
Let j(n) = -n - 4. Let z = -53 + 56. Suppose -z*f + 23 = 41. Let i be (-1 + 2)*f/(-2). Give j(i).
-7
Let g(j) = 4*j**2 - 3*j**2 + 20*j - 11 + 34. Let t be (-2 + 860/100 - (-6)/15) + -26. Calculate g(t).
4
Let h(k) = -31*k - 15. Let g(a) = -127*a + 8507. Let y be g(67). Determine h(y).
47
Let j(g) be the first derivative of 2*g**3/3 + 3*g**2/2 - 9*g - 9138. Calculate j(2).
5
Let f(x) be the first derivative of -x**4/4 - 4*x**3/3 - 2*x**2 - 11*x + 1775. Give f(-3).
-8
Suppose 52 = 4*t - 3*t - 5*y, 0 = -t + y + 36. Let u = -29 + t. Let s be 5 + 2/u + 28/(-6). Let g(i) = 6*i**3 + i**2 - i + 1. Give g(s).
7
Suppose 4*m - 8*m + 24 = 0. Let o(v) = -4*v + 13. Let n(a) = -7*a + 25. Suppose 11*g = 10*g - 5. Let z(l) = g*o(l) + 3*n(l). What is z(m)?
4
Let w(z) be the second derivative of z**4/12 + 7*z**3/6 - 14*z**2 + 10126*z. Determine w(-11).
16
Let c(a) be the third derivative of -a**5/120 - a**4/2 + 25*a**3/6 - 54*a**2 - a. Let s(i) be the first derivative of c(i). Give s(-5).
-7
Let y(q) be the first derivative of -q - 5*q**2 - 41 + 3*q**2 + 4*q**2 - 3*q**2. Determine y(2).
-5
Let q be 6 - 8 - (30 + -11) - (-1 + 2). Let p(f) = 2*f**3 + 44*f**2 - 17. Determine p(q).
-17
Suppose 9*i = 11*i - 5*p + 16, 5*i = p + 6. Suppose -2*b = -7*b + 15. Let d be (b/6*-1)/(i/24). Let s(m) = -m**3 - 6*m**2 + 4*m + 8. Calculate s(d).
-16
Suppose -m - 4*o = 2*m - 21, -4*o = 5*m - 27. Suppose m*h - 16 = -10. Suppose -h*u - 2*u + 2*u = 0. Let r(x) = -x - 12. Determine r(u).
-12
Let m(o) = o**3 - o**2 - 2. Suppose 59*l = 47*l. Suppose 25*x - 4*x = l. Determine m(x).
-2
Let y(x) = -2*x + 2*x**2 + 5*x**3 + 0 + 4 + 30*x**3 - 34*x**3. Give y(2).
16
Let c(d) = 19*d + 383. Let u be c(-20). Let q(r) be the second derivative of -30*r + u*r**2 + 5/3*r**3 + 0 + 1/12*r**4. Determine q(-4).
-18
Let s(i) = -2*i. Let w(y) = -y**3 + 9*y**2 + y - 2. Suppose 8*m - 24 = -16. Let c(x) = m*w(x) + 4*s(x). Calculate c(8).
6
Let y(n) = -n**3 - 14*n**2 + 13*n - 10. Let v be y(-15). Let p = v - 19. Let o(u) = 2*u + 0*u**2 + 8 + u**3 - u**2 + p - 8. Give o(2).
9
Let v be (6 - 0)/((-14)/(-63)). Let f(w) = -w**2 + 25*w + 42. Give f(v).
-12
Let a(d) = -2*d**2 - 24*d + 6. Let t be -2 - -2 - (105 - 95). Give a(t).
46
Let y(l) = l**3 + 106*l**2 - 910*l + 256. Let u be y(-114). Let m(g) = g**2 - 29*g + 29. Calculate m(u).
1
Suppose -42 = -82*r - 82*r + 163*r. Let h(o) = -2*o**2 + 83*o + 46. Give h(r).
4
Let b(v) be the second derivative of v**5/20 - v**4/3 - v**3/3 + 7*v**2/2 - 120*v - 1. Determine b(4).
-1
Let t(f) = f**2 + 6*f + 5. Let h = 36 - 33. Let c(p) = p**3 - 4*p**2 + 4*p - 1. Let g be c(h). Suppose 0 = -9*u - g*u - 66. Determine t(u).
5
Let h(y) = 2*y**2 - 3*y - 2. Let d be (-6 - (-30)/4)/((-7)/14). What is h(d)?
25
Let w(b) be the second derivative of b**4/6 - 13*b**3/6 - 2*b**2 + 13*b + 2. Let c(y) = -4*y**2 + 25*y + 7. Let m(l) = -4*c(l) - 7*w(l). What is m(6)?
18
Let r(d) = -d**2 + 15*d + 19. Let z = -4139 - -4155. Give r(z).
3
Let k(v) = v**2 + 10*v + 11. Let g = -5633 - -5624. Calculate k(g).
2
Let u(q) = 5*q + 14. Let b be u(-3). Let o be b/5 - 12/15. Let n(m) = 7*m**3 - m**2 - 2*m - 1. Calculate n(o).
-7
Suppose -24*f + 3*l + 8 = -19*f, 0 = 7*f - 5*l - 16. Let c(b) = 6*b**2 + 3*b + 4. What is c(f)?
22
Let a(h) be the first derivative of -h**3/3 - h**2/2 + h - 306. Let g be -2 + 0 - (-44)/(-11). Let x(i) = -i**2 - 8*i - 9. Let q be x(g). Determine a(q).
-11
Suppose 47*j - 223*j = -880. Let t(a) = -7 + 2*a**3 - 5*a**3 + 4*a**3 + 4*a - 6*a**2. Give t(j).
-12
Let i(f) = -16*f - 13. Suppose -1048 + 484 - 996 = 520*g. Calculate i(g).
35
Let s = 34 - 28. Let c(m) = 3*m**3 - 38*m**2 + m + 41. Let w(n) = n**3 - 13*n**2 + 14. Let a(g) = 6*c(g) - 17*w(g). Give a(s).
8
Let c(j) = 3*j**3 + 2*j**2 + 1. Let p be 2 - ((-24)/(-60) + 36/10). Let s(r) = -r**3 - r**2 + 5*r + 4. Let f be s(p). What is c(f)?
-15
Let b(k) = -105*k + 732. Suppose 100*l + 47*l - 15*l - 924 = 0. Determine b(l).
-3
Let n(o) = 1481 + 1484 + 4*o**2 - 8*o - 2974. Calculate n(3).
3
Let d(w) = -w**3 - 12*w**2 - 2*w + 32. Suppose -14937*q + 583 = -14990*q. Calculate d(q).
-67
Suppose -3*g + 5*g = 6*g. Let 